28*h**3 - 2 + 7*h**2 + 6 - 3 - 9*h**2. Let t(y) = y**3 + 6*y**2 + 5*y - 1. Let c be t(-5). List the prime factors of g(c).
3
Let q(b) = b + 3. Let n(r) = r**2 + 6*r. Let a be n(-5). Let y be q(a). What are the prime factors of ((-34)/6)/(y/6)?
17
Let r(j) = -j**3 - j**2 + 2*j + 257. List the prime factors of r(0).
257
What are the prime factors of 1206/(36/4) - -1?
3, 5
Suppose 48229 = 16*m - 13883. What are the prime factors of m?
2, 3, 647
Let u(a) = -a**3 + 8*a**2 - 6*a - 10. Let h be u(-6). Suppose 5*k - 4*g - h = 0, -g = -4*k + 7*k - 301. What are the prime factors of k?
2, 3, 17
Let y = 27 + -15. Suppose -v + 6 - 2 = 0. Suppose v*f = 3*f + y. List the prime factors of f.
2, 3
Suppose -4*f = 47*p - 43*p - 360, p = -5*f + 430. List the prime factors of f.
5, 17
Let l be 1*(8 - 3/1). Suppose 117 = -l*z + 8*z. List the prime factors of z.
3, 13
Let k = 1619 - 1135. What are the prime factors of k?
2, 11
Suppose k + 2 = 3*k + 4*h, 4*h = 4*k + 8. Let u(j) = -27*j + 1. Let s(w) = -53*w + 2. Let i(o) = -2*s(o) + 5*u(o). What are the prime factors of i(k)?
2, 3, 5
Let u(f) = -2*f**2 + 4*f. Let h be u(2). Suppose -2*x + 7*x - 235 = h. List the prime factors of x.
47
Suppose -4*w + 7*w - 42 = 0. Suppose 9*u = 7*u + w. What are the prime factors of u?
7
Let l = -223 + 375. List the prime factors of l.
2, 19
Suppose g - 7791 = -3*w, -3*w + g = 165 - 7962. List the prime factors of w.
2, 3, 433
Let b(a) be the third derivative of -a**6/120 + 7*a**5/60 - 5*a**4/24 - 11*a**3/6 - 7*a**2. What are the prime factors of b(5)?
2, 7
Let r(l) = -2*l + 1. Let v(t) = 4*t - 2. Let a(g) = 7*r(g) + 3*v(g). Suppose -5*j - 6 - 9 = 0. List the prime factors of a(j).
7
Suppose 3*g = -l, -g = 5*l + 4*g - 10. Suppose l*j - 315 = 2*k - 7*k, -k + 41 = 5*j. What are the prime factors of k?
2, 3, 11
Suppose -98*q + 88*q = -14360. What are the prime factors of q?
2, 359
Let h(l) = l**3 + 4*l**2 - l. Let p be h(-3). Suppose -p = -12*d + 10*d. List the prime factors of d.
2, 3
Let d(j) = -2*j. Let s be d(2). Let t = -8 - -7. What are the prime factors of t*2 + (-52)/s?
11
Suppose 0 = b + 4*b - 55. Suppose -b*u = -14*u + 276. What are the prime factors of u?
2, 23
Let i = 777 + 1093. What are the prime factors of i?
2, 5, 11, 17
Suppose 11 = 5*a - 14. Suppose -5*n = 20, -1 = -a*d - 4*n - 7. Suppose -s - s + d*h + 2 = 0, 5*h = s + 15. List the prime factors of s.
5
Let l(s) = 6*s**2 - 3*s + 6. Suppose -19*x = -21*x - 10. What are the prime factors of l(x)?
3, 19
Let g be (4 + -5)*(2 + 8). Let k = 16 + g. Let z = 22 + k. What are the prime factors of z?
2, 7
Suppose 0 = -0*i + 4*i - 20. Suppose -4*z = g + 6, -i*z - 5 - 2 = g. What are the prime factors of (-2 - z)/((-2)/14)?
7
List the prime factors of -3*190/45*-21.
2, 7, 19
Let i(m) = m**3 - 17*m**2 + 30*m + 5. Let y be i(15). Suppose 3*l + 50 = 2*o, 2*o - 175 = -3*o - y*l. What are the prime factors of o?
31
Let y(a) = 14 + 10 - a - 5. Let c be y(13). List the prime factors of (4/c)/((-6)/(-54)).
2, 3
Let z = 2053 - 912. What are the prime factors of z?
7, 163
Let w be 45/12 + (-4)/(-16). List the prime factors of 1 - ((-195)/5 - w).
2, 11
Suppose -3*f + z - 2*z = 13, 19 = -3*f + 2*z. Let l = f - -85. List the prime factors of l.
2, 5
Suppose 6*g + 5 = -7. List the prime factors of -303*4/(-12) + g.
3, 11
Suppose -3*t + 74 = -t. Suppose -5*g = p - 47, 4*g - 2*p = -3*p + t. Let s = -7 + g. List the prime factors of s.
3
Let o(b) = b**2 - 3*b - 6. Let u be o(5). Let p be 49/1 - (6 - u). What are the prime factors of p + -2 + (0 - -2)?
47
Let s(d) = 6*d + 45. Let a be s(15). Suppose -a = -2*w + 63. What are the prime factors of w?
3, 11
Let p = -15 - -19. Suppose 5*h - 39 = 5*r - p*r, r = -4*h + 33. What are the prime factors of h?
2
Let a(j) = -j**3 - 5*j**2 - 8*j - 13. Let h be a(-4). Suppose 0*d + 198 = h*d. What are the prime factors of d?
2, 3, 11
Let a(o) = 4*o**2 + 25*o - 87. What are the prime factors of a(4)?
7, 11
Suppose -271*n + 266*n = -3*u - 4819, u + 1927 = 2*n. What are the prime factors of n?
2, 13, 37
Let n be (-2)/(-6) + (70/15 - 5). Suppose 4*j + p + 335 = 6*j, 2*j + p - 337 = n. List the prime factors of j.
2, 3, 7
Suppose 20*m - 10 = 18*m. Suppose m*i - 306 - 39 = 0. List the prime factors of i.
3, 23
Let p be (-8)/(-4)*-1 + 3. Suppose 2*x - p = 3*x, 3*t - 3*x = -75. Let f = t - -38. List the prime factors of f.
2, 3
Suppose -4*x - 90 = 66. Let o = 162 + x. What are the prime factors of ((-5)/(-15) - 0)*o?
41
Let i = 32 - 27. Suppose 5*n - 3*n = -5*w + 295, -i*n + 3*w = -691. List the prime factors of n.
2, 5, 7
Suppose -5*m - 92 = -252. Let b = 137 - m. List the prime factors of b.
3, 5, 7
Suppose -3*t = -5*g - 291, -2*g + 223 = 5*t - 293. List the prime factors of t.
2, 3, 17
Let j(i) = -2*i**2 - i + 6. Let l(z) = 3*z**2 + 2*z - 6. Let r(c) = 6*j(c) + 5*l(c). List the prime factors of r(4).
2, 5, 7
Let n = -57 - -307. List the prime factors of n.
2, 5
Let n(k) = k**3 - 17*k**2 - 13*k - 8. Suppose 5*x - 4*i - 70 = 0, -5*i + 53 + 26 = 3*x. What are the prime factors of n(x)?
2, 41
Let n(o) = o**3 + 2*o - 3. Let v be n(2). Let u = 12 - v. Suppose -s - u*s = -12. What are the prime factors of s?
3
Let r(b) = 8*b - 11. Let y be r(2). Suppose -796 = -5*j - 3*m, 82 = j - y*m - 94. What are the prime factors of j?
7, 23
Let p(z) = -5*z**2 + z + 2. Let v be p(2). Let r = 162 + v. What are the prime factors of r?
2, 73
Suppose 0 = 5*q - 5*f - 14250, -q - 13*f = -12*f - 2842. List the prime factors of q.
2, 1423
Let x be (6 + -4)/1*2. Suppose -x*y = -96 - 160. What are the prime factors of ((-45)/(-30))/(2/y)?
2, 3
Suppose 0 = -16*m - 46 + 14. Let k(j) be the second derivative of 2*j**4/3 + 5*j**3/6 + 2*j**2 + j. What are the prime factors of k(m)?
2, 13
Let i(v) = v**2 - 13*v + 4. Let x be i(12). What are the prime factors of x/(-16)*(22 - 0)?
11
Let j(b) = -3*b - 4. Let n be j(-2). Let s(g) = -5*g**3 - 3*g**2 + 3*g. Let m be s(n). Let i = -30 - m. List the prime factors of i.
2
Let y(o) = -12*o - 18. Let f be y(-14). Suppose -n + x + 225 = 2*n, 0 = -2*n + x + f. What are the prime factors of n?
3, 5
Let r(n) = -n**3 + 9*n**2 - 8*n. Let m be r(8). Suppose 2*p - 3*g = 2*g - 167, 5*p + 4*g + 401 = m. Let y = p + 152. What are the prime factors of y?
71
Let o = -26 + 62. Let b = o + -85. Let p = -26 - b. List the prime factors of p.
23
Suppose -64 = p - t, 3*t - 5*t - 79 = p. Let n = -27 - p. List the prime factors of n.
2, 3, 7
Let x(r) = -r**2 - 3*r + 3. Let m be x(2). Let l(z) = -z + 1. Let d be l(m). What are the prime factors of 6 - (-2)/(d/12)?
3
What are the prime factors of (33525/8)/3 - 24/(-192)?
11, 127
List the prime factors of -4 + (-7 - -4 - -3) + 914.
2, 5, 7, 13
Suppose -15 + 3 = -4*x. Suppose -3*d = -4*q + 552, 4*q + 7*d - 524 = x*d. What are the prime factors of q?
3, 5
Let b(u) = -16*u - 6. Suppose -4*v + 12 = 0, -m = -2*v - 0*v + 11. Let k be b(m). Let w = k - 45. List the prime factors of w.
29
Let l = 82 - -910. List the prime factors of l.
2, 31
Let t(x) be the first derivative of -x**3/3 + 2*x**2 + 3*x + 11. List the prime factors of t(3).
2, 3
Let j(k) = k - 1. Let t(v) = 21*v - 4. Let m(r) = j(r) - t(r). What are the prime factors of m(-4)?
83
List the prime factors of (2/(-8))/(1 - (-845)/(-844)).
211
Suppose 5*y - 582 = 2*t, 2*y + t = -y + 347. Let w = y + -38. What are the prime factors of w?
2, 3, 13
Suppose -2*m - 5*u + 3*u = -106, 0 = -2*u + 10. Let r = m + -45. What are the prime factors of r?
3
Suppose 2*j - 3 = 45. Let y be -7 + (j/(-4))/2. Let g = y - -30. What are the prime factors of g?
2, 5
Suppose 2*p + 9*w - 4*w + 11 = 0, -3*p + 5*w - 4 = 0. Let y = -8 - -19. Let g = p + y. List the prime factors of g.
2
Let s be 15 + -3 + 0 + 2. Suppose 0*x + 4*g + s = x, -x = 5*g - 23. List the prime factors of x.
2, 3
Let v(u) = -u**2 + 11*u - 6. Let d be v(10). Let g be 2*54/d + -3. List the prime factors of g - (-2)/((-8)/(-12)).
3
Let j be 3/(9/(-3))*-3. Suppose -2*s + j*s = 5. Suppose s*q = 5*y - 65, -y + 5*y = 5*q + 50. What are the prime factors of y?
3, 5
Let f(y) be the second derivative of 3*y**3/2 - 29*y**2/2 + 2*y. List the prime factors of f(12).
79
Let q = 597 + -159. List the prime factors of q.
2, 3, 73
Suppose -1 + 9 = 2*s. Let r be 35/s + (-1)/(-4). List the prime factors